on divisor of g and 147?
3
Suppose d = 2*d + 37. Let r = -57 - d. Let h = r + 29. What is the highest common divisor of h and 9?
9
Let z = -10 - -13. Suppose -z*v + 228 = v. Let l(s) = 11*s**2 + 528*s + 19. Let m be l(-48). What is the highest common divisor of v and m?
19
Suppose 5*o + 825 = 2*b - 88, -4*b + 1853 = -o. Calculate the highest common factor of 80 and b.
16
Let c be (-204)/(-9) - ((-10)/3 - -3). Let q = c + -21. Let n be 121 + -4 - (-2)/(q/(-2)). Calculate the greatest common factor of n and 46.
23
Suppose 69*n - 65*n + 1480 = 0. Let q = -145 - n. Calculate the greatest common divisor of q and 50.
25
Let g(d) = -d**3 + 9*d**2 + 40*d - 18. Suppose -140 = 11*q - 272. Let p be g(q). Let v be ((-6)/4)/((-1)/30). What is the greatest common factor of p and v?
15
Let o be -4*66/(-36)*3. Calculate the greatest common divisor of 1903 and o.
11
Suppose 321 = 5*b + 21. Let t(l) = -73*l - 187. Let j be t(-9). Let h = 494 - j. Calculate the highest common divisor of b and h.
12
Let k = -36 + 31. Let n be -4 + 184/40 + 938/k. Let f = n + 297. What is the greatest common factor of f and 10?
10
Let o(y) = -113*y + 4288. Let d be o(0). Calculate the highest common factor of d and 8.
8
Suppose -5*l - 2*v + 3*v = -3, 15 = 5*l + 5*v. Suppose 4*u - 4*k = 140, 0 = u + k + 50 - 77. What is the greatest common divisor of u and l?
1
Let v(w) be the second derivative of w**4/6 - w**3/3 + 2*w**2 + 6*w. Let z be v(-4). What is the greatest common divisor of 4 and z?
4
Let u(m) = -5*m + 60. Let x be u(6). What is the highest common factor of x and 885?
15
Let c(j) = -5*j**2 - j**3 - 48 + 3*j**2 + 49 + 4*j**2. Let p be c(2). Let r be 6/9 + (-402)/(-18) - p. What is the greatest common factor of 66 and r?
22
Suppose 0 = -3*w + j + 73, -827*w = -826*w + 4*j + 6. Let q(u) = u**3 + 9*u**2 + 7*u. Let t be q(-6). What is the greatest common factor of w and t?
22
Suppose r = -4*g + 32, -19*r = -21*r + 2*g + 124. What is the highest common factor of 88 and r?
8
Let m(f) = -4*f + 55. Let v be m(14). Let u be 3*(v/(-4))/((-2)/(-8)). What is the highest common factor of u and 10?
1
Let y(s) be the first derivative of -11*s**2 + 220*s - 18. Let t be y(-18). What is the highest common divisor of t and 112?
56
Suppose -2*i - 2 = -x, 0 = 4*x + 2*i + i - 19. Let o be (-3*x/12)/1. Let b be -22 + 107 - (o + -2). Calculate the greatest common factor of b and 8.
8
Let c = -109 - 189. Let b = -565 - c. Let o be (-12)/(-36) - b/9. What is the greatest common factor of o and 330?
30
Let b(k) = -k**3 + 8*k**2 + k + 2. Let d be b(8). Suppose -2*c - 5*t + 45 = 0, 0 = -719*c + 716*c - 4*t + 78. What is the highest common divisor of c and d?
10
Let y be ((-39)/(-2))/((-7)/182). Let l = -297 - y. Suppose 15*k + 416 = 20*k + v, v = -2*k + 164. Calculate the highest common divisor of l and k.
42
Suppose -22*p = -21*p - 3. Suppose -3*u + 3 = p*v, -2*v + 5*u - 1 = -10. Let q be v + 39/15 - 6/10. What is the greatest common divisor of 36 and q?
4
Suppose o = 3*g - 29, -13 = -2*o - 5. Let v = 40 + 4. Suppose -4*i + v = 4*d - 2*i, -d + 4*i + 11 = 0. What is the highest common divisor of g and d?
11
Let v = 32 - 31. Let h be v + 4 - (-79 - -9). Let j be (-10)/(4/(-6) + 0). What is the greatest common divisor of h and j?
15
Let f(b) = -1875*b - 578. Let p be f(-3). What is the highest common factor of p and 49?
49
Let w = -11 - -19. Let n be ((-27)/15)/((39/100)/(-13)). What is the highest common divisor of w and n?
4
Suppose -62*t = -55*t - 399. Suppose -52*f - 160 = -t*f. Calculate the greatest common divisor of 4 and f.
4
Suppose -29*y = -11*y - 18. Suppose b = -5*n + 16 + y, -4*n + 20 = 4*b. Suppose -3*q - 2 = -4*q. Calculate the highest common factor of b and q.
2
Let c be 5*-3*(-2)/(-30). Let r be -2 - (6*c - -2). Suppose r*a - w - 45 = 29, 2*a + 4*w = 84. Calculate the greatest common divisor of a and 418.
38
Let o(q) = 9*q**3 - 31*q**2 - 11*q - 9. Let i be o(7). What is the highest common factor of i and 76?
38
Let x(q) = -q**3 + 6*q**2 + 5*q - 12. Let a be x(5). Let g = 43 - a. Let c be ((-4)/g)/((-2)/260). What is the greatest common divisor of 13 and c?
13
Suppose 11*g = 6*g + 10. Suppose n - 6*n - g = 2*h, -n + 4*h - 18 = 0. Let j be 129 + -3 + (-4)/n. What is the greatest common divisor of j and 8?
8
Let a be 20 + 90/99*22. What is the greatest common factor of 10 and a?
10
Let l(t) = 1129*t**2 - 2*t - 27. Let u be l(5). What is the greatest common factor of 54 and u?
54
Let q be 506/(-69)*(-3)/2. Let a = q + 109. Let m(y) = -10*y - 12. Let v be m(-6). Calculate the highest common factor of v and a.
24
Suppose y + 4 = 0, 2*r - y - 14 = -5*y. Let o be (-114557)/(-194) - (r/(-2))/(-3). What is the greatest common factor of o and 6?
6
Suppose 0 = l - 4*v - 1981 - 163, -v - 9 = 0. What is the greatest common factor of l and 442?
34
Suppose 20241 + 1259 = -9*f + 29*f. Calculate the greatest common factor of f and 50.
25
Suppose -4*w + 5*p + 1695 = w, w - 324 = 4*p. What is the highest common divisor of w and 64?
8
Let n(z) = 0*z**2 + 456*z + 5*z**2 - 28 - 453*z - 3*z**2. Let g be n(5). What is the highest common factor of 259 and g?
37
Suppose -14*g + 13253 = 15*g. Let s = g - 237. Calculate the greatest common factor of s and 264.
44
Let w(a) = 388*a**2 - 93*a - 486. Let d be w(-6). Calculate the greatest common factor of d and 36.
36
Suppose -2*s = 3*l - 13 - 19, -36 = -4*s + l. Let i = -15684 + 15769. Calculate the greatest common divisor of i and s.
5
Let g(d) = -d**2 + 19*d - 45. Let o be g(16). Suppose o*x = p + 66, 2*p - 118 = -5*x + p. Calculate the greatest common divisor of 253 and x.
23
Let y(o) = 2*o**2 - 9*o - 5. Let r be y(7). Let a(d) = -d + 76. Let t be a(r). Let i be (-2)/(1 + (-50)/46). What is the highest common factor of i and t?
23
Let j be (-7 + (-31)/(-4) - 29)*(4 - 68). Calculate the highest common factor of j and 80.
16
Let v(k) = -202*k + 14. Let m be v(-5). What is the highest common factor of 24 and m?
8
Let s be -9 - -7 - 235*-1. Suppose -239*o + 1806 = -s*o. Calculate the greatest common factor of o and 86.
43
Suppose -144*r = -295*r + 474593. Calculate the greatest common divisor of r and 7.
7
Let i be -22 - -8 - (4 - 53). What is the highest common factor of i and 80?
5
Let z(s) = -s**3 + 110*s**2 + 7572*s + 7. Let i be z(-48). Suppose -50 - 215 = -5*n. What is the greatest common divisor of n and i?
53
Suppose -48*i = -5070 - 2226. What is the greatest common factor of i and 95?
19
Let f be 10 + -2 + -9 - (-9 - 0). Let u(c) = -c**2 - 7*c**3 + 3 + 1 + 10*c**2 + 6*c**3. Let x be u(f). What is the highest common divisor of 170 and x?
34
Let o be 709780/460 + (1 - 9 - -1). Calculate the greatest common factor of 896 and o.
128
Let n = 1519 + -1312. What is the highest common divisor of 9 and n?
9
Suppose 2*n - 10 = 0, 4 = -3*p + 2*n - 6. Suppose -5*q + 3 + 72 = p. What is the greatest common divisor of q and 60?
15
Let c = 109 - 99. Let o = 51 + 79. Calculate the greatest common factor of o and c.
10
Let b be ((-16)/88)/(22/(-1573)). Suppose -14 = -3*q - 4*x + 14, 26 = 3*q + 2*x. Suppose b*k - 14*k = -q. Calculate the greatest common divisor of 32 and k.
8
Let f be (17/((-102)/(-990)))/((-3)/(-38)). Suppose -24*i - 14*i + f = 0. What is the highest common divisor of 25 and i?
5
Suppose -1433*j - 42097 = -501*j - 527*j - 494*j. Suppose c = 2*c - g - 13, -3*g = -4*c + 50. Calculate the highest common factor of j and c.
11
Let o = 95 - 80. Suppose -26 = -19*i + 31. Calculate the highest common factor of i and o.
3
Let a be ((-54)/4)/(-9)*(-16)/(-6). Let z(h) = h**2 + 13 + 113*h - a - 130*h. Let l be z(17). Calculate the greatest common factor of l and 9.
9
Suppose 4*u + 3*g = 93, 2*u + 105*g - 52 = 109*g. Calculate the highest common factor of 74 and u.
2
Let z be 2/(-1)*(14/(-4) - 2). Suppose z*a - 12*a = -20. Suppose a*g - 13*g - 56 = 0. What is the greatest common factor of g and 144?
8
Suppose -5*i + 1975 + 952 = r, 3*r + 4*i = 8737. What is the highest common divisor of r and 306?
153
Let j = 186 + -184. Suppose 206 = 10*x - 7*x + j*w, 2 = -w. Calculate the highest common factor of x and 28.
14
Let d be -9 - 2340/(-132) - (-6)/22. Let a(u) = -9*u. Let w be a(-1). What is the highest common factor of d and w?
9
Let l = -28 + 43. Suppose -72 = 4*h - 12*h